{"id":161,"date":"2020-03-23T13:29:15","date_gmt":"2020-03-23T20:29:15","guid":{"rendered":"https:\/\/import.themovation.com\/stratus\/?page_id=4558"},"modified":"2023-07-12T18:17:55","modified_gmt":"2023-07-12T11:17:55","slug":"solutions","status":"publish","type":"page","link":"https:\/\/alitaautomation.com\/english\/solutions\/","title":{"rendered":"Solutions"},"content":{"rendered":"\t\t<div data-elementor-type=\"wp-page\" data-elementor-id=\"161\" class=\"elementor elementor-161\">\n\t\t\t\t\t\t<section class=\"elementor-section elementor-top-section elementor-element elementor-element-ec4de5a elementor-section-full_width elementor-section-height-min-height elementor-section-height-default elementor-section-items-middle\" data-id=\"ec4de5a\" data-element_type=\"section\" data-settings=\"{&quot;background_background&quot;:&quot;classic&quot;}\">\n\t\t\t\t\t\t<div class=\"elementor-container elementor-column-gap-default\">\n\t\t\t\t\t<div class=\"elementor-column elementor-col-100 elementor-top-column elementor-element elementor-element-514dc20\" data-id=\"514dc20\" data-element_type=\"column\">\n\t\t\t<div class=\"elementor-widget-wrap elementor-element-populated\">\n\t\t\t\t\t\t<div class=\"elementor-element elementor-element-258463e3 elementor-view-default elementor-position-top elementor-invisible elementor-widget elementor-widget-themo-header\" data-id=\"258463e3\" data-element_type=\"widget\" data-settings=\"{&quot;_animation&quot;:&quot;fadeInUp&quot;}\" data-widget_type=\"themo-header.default\">\n\t\t\t\t<div class=\"elementor-widget-container\">\n\t\t\t\t\t\t\t<div class=\"th-header-wrap\">\n        <div class=\"elementor-icon-box-wrapper \">\n                            <div class=\"elementor-icon-box-content\">\n                    <h1 class=\"elementor-icon-box-title\">\n                        SOLUTIONS                    <\/h1>\n                                        <p class=\"elementor-icon-box-description\"><\/p>\n\n                                    <\/div>\n            <\/div>\n\n        <\/div>\n\n\t\t\t\t\t\t<\/div>\n\t\t\t\t<\/div>\n\t\t\t\t<div class=\"elementor-element elementor-element-8642f70 elementor-widget elementor-widget-spacer\" data-id=\"8642f70\" data-element_type=\"widget\" data-widget_type=\"spacer.default\">\n\t\t\t\t<div class=\"elementor-widget-container\">\n\t\t\t\t\t\t\t<div class=\"elementor-spacer\">\n\t\t\t<div class=\"elementor-spacer-inner\"><\/div>\n\t\t<\/div>\n\t\t\t\t\t\t<\/div>\n\t\t\t\t<\/div>\n\t\t\t\t\t<\/div>\n\t\t<\/div>\n\t\t\t\t\t<\/div>\n\t\t<\/section>\n\t\t\t\t<section class=\"elementor-section elementor-top-section elementor-element elementor-element-68229ffa elementor-section-boxed elementor-section-height-default elementor-section-height-default\" data-id=\"68229ffa\" data-element_type=\"section\">\n\t\t\t\t\t\t<div class=\"elementor-container elementor-column-gap-default\">\n\t\t\t\t\t<div class=\"elementor-column elementor-col-100 elementor-top-column elementor-element elementor-element-49d6ae30\" data-id=\"49d6ae30\" data-element_type=\"column\">\n\t\t\t<div class=\"elementor-widget-wrap elementor-element-populated\">\n\t\t\t\t\t\t<div class=\"elementor-element elementor-element-5ab1af6 elementor-widget elementor-widget-themo-portfolio-grid\" data-id=\"5ab1af6\" data-element_type=\"widget\" data-widget_type=\"themo-portfolio-grid.default\">\n\t\t\t\t<div class=\"elementor-widget-container\">\n\t\t\t\t\t\n                <div id=\"th-portfolio-content-69e4a32f7a927\" class=\"th-portfolio\">\n\n            \n            <div id=\"th-portfolio-row\" class=\"th-portfolio-row row portfolio_content  three-columns th-port-gutter\">\n\n                                        <div id=\"post-467\" class=\"th-portfolio-item item col-md-4 col-sm-6 post-467 themo_portfolio type-themo_portfolio status-publish format-standard has-post-thumbnail hentry\">\n\n                                                        <div class=\"th-port-wrap\">\n                                                            <img fetchpriority=\"high\" decoding=\"async\" width=\"394\" height=\"394\" src=\"https:\/\/alitaautomation.com\/english\/wp-content\/uploads\/2017\/11\/bds-394x394.png\" class=\"img-responsive th-port-img wp-post-image\" alt=\"\" \/>                                                                <div class=\"th-port-overlay\"><\/div>\n                                <div class=\"th-port-inner\">\n                                                                        <div class=\"th-port-center\">\n                                        <h3 class=\"th-port-title\">Immigration<\/h3>\n                                        <p class=\"th-port-sub th-else\">Investor | Real Estate Agent<\/p>\n                                        \n                                                                                    <span class=\"th-port-btn\">Detail<\/span>\n                                                                            <\/div>\n                                    <a href=\"https:\/\/alitaautomation.com\/english\/portfolio\/real-estate\/\" class=\"th-port-link\" ><\/a>                                <\/div>\n                            <\/div>\n                                                    <\/div>\n                                                <div id=\"post-468\" class=\"th-portfolio-item item col-md-4 col-sm-6 post-468 themo_portfolio type-themo_portfolio status-publish format-standard has-post-thumbnail hentry\">\n\n                                                        <div class=\"th-port-wrap\">\n                                                            <img decoding=\"async\" width=\"394\" height=\"394\" src=\"https:\/\/alitaautomation.com\/english\/wp-content\/uploads\/2017\/11\/dinhcu-394x394.png\" class=\"img-responsive th-port-img wp-post-image\" alt=\"\" \/>                                                                <div class=\"th-port-overlay\"><\/div>\n                                <div class=\"th-port-inner\">\n                                                                        <div class=\"th-port-center\">\n                                        <h3 class=\"th-port-title\">Immigration<\/h3>\n                                        <p class=\"th-port-sub th-else\">Immigration | Study Abroad<\/p>\n                                        \n                                                                                    <span class=\"th-port-btn\">Detail<\/span>\n                                                                            <\/div>\n                                    <a href=\"https:\/\/alitaautomation.com\/english\/portfolio\/immigration\/\" class=\"th-port-link\" ><\/a>                                <\/div>\n                            <\/div>\n                                                    <\/div>\n                                                <div id=\"post-469\" class=\"th-portfolio-item item col-md-4 col-sm-6 post-469 themo_portfolio type-themo_portfolio status-publish format-standard has-post-thumbnail hentry\">\n\n                                                        <div class=\"th-port-wrap\">\n                                                            <img decoding=\"async\" width=\"394\" height=\"394\" src=\"https:\/\/alitaautomation.com\/english\/wp-content\/uploads\/2017\/11\/daotao-394x394.png\" class=\"img-responsive th-port-img wp-post-image\" alt=\"\" \/>                                                                <div class=\"th-port-overlay\"><\/div>\n                                <div class=\"th-port-inner\">\n                                                                        <div class=\"th-port-center\">\n                                        <h3 class=\"th-port-title\">Training<\/h3>\n                                        <p class=\"th-port-sub th-else\">Training | Recruitment<\/p>\n                                        \n                                                                            <\/div>\n                                    <a href=\"https:\/\/alitaautomation.com\/english\/portfolio\/training\/\" class=\"th-port-link\" ><\/a>                                <\/div>\n                            <\/div>\n                                                    <\/div>\n                                                <div id=\"post-470\" class=\"th-portfolio-item item col-md-4 col-sm-6 post-470 themo_portfolio type-themo_portfolio status-publish format-standard has-post-thumbnail hentry\">\n\n                                                        <div class=\"th-port-wrap\">\n                                                            <img loading=\"lazy\" decoding=\"async\" width=\"394\" height=\"394\" src=\"https:\/\/alitaautomation.com\/english\/wp-content\/uploads\/2017\/11\/taichinh-394x394.png\" class=\"img-responsive th-port-img wp-post-image\" alt=\"\" \/>                                                                <div class=\"th-port-overlay\"><\/div>\n                                <div class=\"th-port-inner\">\n                                                                        <div class=\"th-port-center\">\n                                        <h3 class=\"th-port-title\">Finance<\/h3>\n                                        <p class=\"th-port-sub th-else\">Finance | Banking<\/p>\n                                        \n                                                                                    <span class=\"th-port-btn\">Detail<\/span>\n                                                                            <\/div>\n                                    <a href=\"https:\/\/alitaautomation.com\/english\/portfolio\/finance\/\" class=\"th-port-link\" ><\/a>                                <\/div>\n                            <\/div>\n                                                    <\/div>\n                                                <div id=\"post-471\" class=\"th-portfolio-item item col-md-4 col-sm-6 post-471 themo_portfolio type-themo_portfolio status-publish format-standard has-post-thumbnail hentry\">\n\n                                                        <div class=\"th-port-wrap\">\n                                                            <img loading=\"lazy\" decoding=\"async\" width=\"394\" height=\"394\" src=\"https:\/\/alitaautomation.com\/english\/wp-content\/uploads\/2017\/11\/banle-394x394.png\" class=\"img-responsive th-port-img wp-post-image\" alt=\"\" \/>                                                                <div class=\"th-port-overlay\"><\/div>\n                                <div class=\"th-port-inner\">\n                                                                        <div class=\"th-port-center\">\n                                        <h3 class=\"th-port-title\">Retail<\/h3>\n                                        <p class=\"th-port-sub th-else\">Retail | Franchise<\/p>\n                                        \n                                                                                    <span class=\"th-port-btn\">Detail<\/span>\n                                                                            <\/div>\n                                    <a href=\"https:\/\/alitaautomation.com\/english\/portfolio\/retail\/\" class=\"th-port-link\" ><\/a>                                <\/div>\n                            <\/div>\n                                                    <\/div>\n                                                <div id=\"post-472\" class=\"th-portfolio-item item col-md-4 col-sm-6 post-472 themo_portfolio type-themo_portfolio status-publish format-standard has-post-thumbnail hentry\">\n\n                                                        <div class=\"th-port-wrap\">\n                                                            <img loading=\"lazy\" decoding=\"async\" width=\"394\" height=\"394\" src=\"https:\/\/alitaautomation.com\/english\/wp-content\/uploads\/2017\/11\/ecommerce-394x394.png\" class=\"img-responsive th-port-img wp-post-image\" alt=\"\" \/>                                                                <div class=\"th-port-overlay\"><\/div>\n                                <div class=\"th-port-inner\">\n                                                                        <div class=\"th-port-center\">\n                                        <h3 class=\"th-port-title\">Ecommerce<\/h3>\n                                        <p class=\"th-port-sub th-else\">Ecommerce | Seller<\/p>\n                                        \n                                                                                    <span class=\"th-port-btn\">Detail<\/span>\n                                                                            <\/div>\n                                    <a href=\"https:\/\/alitaautomation.com\/english\/portfolio\/ecommerce\/\" class=\"th-port-link\" ><\/a>                                <\/div>\n                            <\/div>\n                                                    <\/div>\n                        \n            <\/div>\n\n        <\/div>\n\n        \t\t\t\t<\/div>\n\t\t\t\t<\/div>\n\t\t\t\t\t<\/div>\n\t\t<\/div>\n\t\t\t\t\t<\/div>\n\t\t<\/section>\n\t\t\t\t<section class=\"elementor-section elementor-top-section elementor-element elementor-element-7f78bc93 elementor-section-boxed elementor-section-height-default elementor-section-height-default\" data-id=\"7f78bc93\" data-element_type=\"section\">\n\t\t\t\t\t\t<div class=\"elementor-container elementor-column-gap-default\">\n\t\t\t\t\t<div class=\"elementor-column elementor-col-100 elementor-top-column elementor-element elementor-element-54bab299\" data-id=\"54bab299\" data-element_type=\"column\">\n\t\t\t<div class=\"elementor-widget-wrap elementor-element-populated\">\n\t\t\t\t\t\t<div class=\"elementor-element elementor-element-4c16c26d elementor-widget elementor-widget-spacer\" data-id=\"4c16c26d\" data-element_type=\"widget\" data-widget_type=\"spacer.default\">\n\t\t\t\t<div class=\"elementor-widget-container\">\n\t\t\t\t\t\t\t<div class=\"elementor-spacer\">\n\t\t\t<div class=\"elementor-spacer-inner\"><\/div>\n\t\t<\/div>\n\t\t\t\t\t\t<\/div>\n\t\t\t\t<\/div>\n\t\t\t\t\t<\/div>\n\t\t<\/div>\n\t\t\t\t\t<\/div>\n\t\t<\/section>\n\t\t\t\t<\/div>\n\t\t","protected":false},"excerpt":{"rendered":"<p>SOLUTIONS B\u1ea5t \u0110\u1ed9ng S\u1ea3n Ch\u1ee7 \u0110\u1ea7u T\u01b0 | S\u00e0n Giao D\u1ecbch Chi Ti\u1ebft \u0110\u1ecbnh C\u01b0 \u0110\u1ecbnh C\u01b0 | Du H\u1ecdc Chi Ti\u1ebft \u0110\u00e0o T\u1ea1o \u0110\u00e0o T\u1ea1o | Tuy\u1ec3n D\u1ee5ng T\u00e0i Ch\u00ednh T\u00e0i Ch\u00ednh | Ng\u00e2n H\u00e0ng Chi Ti\u1ebft B\u00e1n L\u1ebb &hellip; <a href=\"https:\/\/alitaautomation.com\/english\/portfolio\/ecommerce\/\">Read More<\/a><\/p>\n","protected":false},"author":1,"featured_media":0,"parent":0,"menu_order":41,"comment_status":"closed","ping_status":"closed","template":"","meta":{"footnotes":""},"class_list":["post-161","page","type-page","status-publish","hentry"],"yoast_head":"<!-- This site is optimized with the Yoast SEO plugin v25.5 - https:\/\/yoast.com\/wordpress\/plugins\/seo\/ -->\n<title>Alita Automation - Automation Marketing Multi-Channel by AI<\/title>\n<meta name=\"description\" content=\"Automation Marketing Platform by AI &amp; Big Data with more than 10M social behavior segments &amp; Dataset\" \/>\n<meta name=\"robots\" content=\"index, follow, max-snippet:-1, max-image-preview:large, max-video-preview:-1\" \/>\n<link rel=\"canonical\" href=\"https:\/\/alitaautomation.com\/english\/solutions\/\" \/>\n<meta property=\"og:locale\" content=\"en_US\" \/>\n<meta property=\"og:type\" content=\"article\" \/>\n<meta property=\"og:title\" content=\"Alita Automation - Automation Marketing Multi-Channel by AI\" \/>\n<meta property=\"og:description\" content=\"Automation Marketing Platform by AI &amp; Big Data with more than 10M social behavior segments &amp; Dataset\" \/>\n<meta property=\"og:url\" content=\"https:\/\/alitaautomation.com\/english\/solutions\/\" \/>\n<meta property=\"og:site_name\" content=\"Alita Automation\" \/>\n<meta property=\"article:modified_time\" content=\"2023-07-12T11:17:55+00:00\" \/>\n<meta property=\"og:image\" content=\"https:\/\/alitaautomation.com\/english\/wp-content\/uploads\/2023\/06\/AlitaAutomation.jpg\" \/>\n\t<meta property=\"og:image:width\" content=\"600\" \/>\n\t<meta property=\"og:image:height\" content=\"314\" \/>\n\t<meta property=\"og:image:type\" content=\"image\/jpeg\" \/>\n<meta name=\"twitter:card\" content=\"summary_large_image\" \/>\n<meta name=\"twitter:title\" content=\"Alita Automation - Automation Marketing Multi-Channel by AI\" \/>\n<meta name=\"twitter:description\" content=\"Automation Marketing Platform by AI &amp; Big Data with more than 10M social behavior segments &amp; Dataset\" \/>\n<meta name=\"twitter:image\" content=\"https:\/\/alitaautomation.com\/english\/wp-content\/uploads\/2023\/06\/AlitaAutomation.jpg\" \/>\n<meta name=\"twitter:label1\" content=\"Est. reading time\" \/>\n\t<meta name=\"twitter:data1\" content=\"2 minutes\" \/>\n<script type=\"application\/ld+json\" class=\"yoast-schema-graph\">{\"@context\":\"https:\/\/schema.org\",\"@graph\":[{\"@type\":\"WebPage\",\"@id\":\"https:\/\/alitaautomation.com\/english\/solutions\/\",\"url\":\"https:\/\/alitaautomation.com\/english\/solutions\/\",\"name\":\"Alita Automation - Automation Marketing Multi-Channel by AI\",\"isPartOf\":{\"@id\":\"https:\/\/alitaautomation.com\/english\/#website\"},\"primaryImageOfPage\":{\"@id\":\"https:\/\/alitaautomation.com\/english\/solutions\/#primaryimage\"},\"image\":{\"@id\":\"https:\/\/alitaautomation.com\/english\/solutions\/#primaryimage\"},\"thumbnailUrl\":\"https:\/\/alitaautomation.com\/english\/wp-content\/uploads\/2017\/11\/bds-394x394.png\",\"datePublished\":\"2020-03-23T20:29:15+00:00\",\"dateModified\":\"2023-07-12T11:17:55+00:00\",\"description\":\"Automation Marketing Platform by AI & Big Data with more than 10M social behavior segments & Dataset\",\"breadcrumb\":{\"@id\":\"https:\/\/alitaautomation.com\/english\/solutions\/#breadcrumb\"},\"inLanguage\":\"en-US\",\"potentialAction\":[{\"@type\":\"ReadAction\",\"target\":[\"https:\/\/alitaautomation.com\/english\/solutions\/\"]}]},{\"@type\":\"ImageObject\",\"inLanguage\":\"en-US\",\"@id\":\"https:\/\/alitaautomation.com\/english\/solutions\/#primaryimage\",\"url\":\"https:\/\/alitaautomation.com\/english\/wp-content\/uploads\/2017\/11\/bds.png\",\"contentUrl\":\"https:\/\/alitaautomation.com\/english\/wp-content\/uploads\/2017\/11\/bds.png\",\"width\":740,\"height\":740},{\"@type\":\"BreadcrumbList\",\"@id\":\"https:\/\/alitaautomation.com\/english\/solutions\/#breadcrumb\",\"itemListElement\":[{\"@type\":\"ListItem\",\"position\":1,\"name\":\"Home\",\"item\":\"https:\/\/alitaautomation.com\/english\/\"},{\"@type\":\"ListItem\",\"position\":2,\"name\":\"Solutions\"}]},{\"@type\":\"WebSite\",\"@id\":\"https:\/\/alitaautomation.com\/english\/#website\",\"url\":\"https:\/\/alitaautomation.com\/english\/\",\"name\":\"Alita Automation\",\"description\":\"\",\"publisher\":{\"@id\":\"https:\/\/alitaautomation.com\/english\/#organization\"},\"potentialAction\":[{\"@type\":\"SearchAction\",\"target\":{\"@type\":\"EntryPoint\",\"urlTemplate\":\"https:\/\/alitaautomation.com\/english\/?s={search_term_string}\"},\"query-input\":{\"@type\":\"PropertyValueSpecification\",\"valueRequired\":true,\"valueName\":\"search_term_string\"}}],\"inLanguage\":\"en-US\"},{\"@type\":\"Organization\",\"@id\":\"https:\/\/alitaautomation.com\/english\/#organization\",\"name\":\"Alita Automation\",\"url\":\"https:\/\/alitaautomation.com\/english\/\",\"logo\":{\"@type\":\"ImageObject\",\"inLanguage\":\"en-US\",\"@id\":\"https:\/\/alitaautomation.com\/english\/#\/schema\/logo\/image\/\",\"url\":\"https:\/\/alitaautomation.com\/english\/wp-content\/uploads\/2023\/06\/Logo-e1686882884795.png\",\"contentUrl\":\"https:\/\/alitaautomation.com\/english\/wp-content\/uploads\/2023\/06\/Logo-e1686882884795.png\",\"width\":140,\"height\":21,\"caption\":\"Alita Automation\"},\"image\":{\"@id\":\"https:\/\/alitaautomation.com\/english\/#\/schema\/logo\/image\/\"}}]}<\/script>\n<!-- \/ Yoast SEO plugin. -->","yoast_head_json":{"title":"Alita Automation - Automation Marketing Multi-Channel by AI","description":"Automation Marketing Platform by AI & Big Data with more than 10M social behavior segments & Dataset","robots":{"index":"index","follow":"follow","max-snippet":"max-snippet:-1","max-image-preview":"max-image-preview:large","max-video-preview":"max-video-preview:-1"},"canonical":"https:\/\/alitaautomation.com\/english\/solutions\/","og_locale":"en_US","og_type":"article","og_title":"Alita Automation - Automation Marketing Multi-Channel by AI","og_description":"Automation Marketing Platform by AI & Big Data with more than 10M social behavior segments & Dataset","og_url":"https:\/\/alitaautomation.com\/english\/solutions\/","og_site_name":"Alita Automation","article_modified_time":"2023-07-12T11:17:55+00:00","og_image":[{"width":600,"height":314,"url":"https:\/\/alitaautomation.com\/english\/wp-content\/uploads\/2023\/06\/AlitaAutomation.jpg","type":"image\/jpeg"}],"twitter_card":"summary_large_image","twitter_title":"Alita Automation - Automation Marketing Multi-Channel by AI","twitter_description":"Automation Marketing Platform by AI & Big Data with more than 10M social behavior segments & Dataset","twitter_image":"https:\/\/alitaautomation.com\/english\/wp-content\/uploads\/2023\/06\/AlitaAutomation.jpg","twitter_misc":{"Est. reading time":"2 minutes"},"schema":{"@context":"https:\/\/schema.org","@graph":[{"@type":"WebPage","@id":"https:\/\/alitaautomation.com\/english\/solutions\/","url":"https:\/\/alitaautomation.com\/english\/solutions\/","name":"Alita Automation - Automation Marketing Multi-Channel by AI","isPartOf":{"@id":"https:\/\/alitaautomation.com\/english\/#website"},"primaryImageOfPage":{"@id":"https:\/\/alitaautomation.com\/english\/solutions\/#primaryimage"},"image":{"@id":"https:\/\/alitaautomation.com\/english\/solutions\/#primaryimage"},"thumbnailUrl":"https:\/\/alitaautomation.com\/english\/wp-content\/uploads\/2017\/11\/bds-394x394.png","datePublished":"2020-03-23T20:29:15+00:00","dateModified":"2023-07-12T11:17:55+00:00","description":"Automation Marketing Platform by AI & Big Data with more than 10M social behavior segments & Dataset","breadcrumb":{"@id":"https:\/\/alitaautomation.com\/english\/solutions\/#breadcrumb"},"inLanguage":"en-US","potentialAction":[{"@type":"ReadAction","target":["https:\/\/alitaautomation.com\/english\/solutions\/"]}]},{"@type":"ImageObject","inLanguage":"en-US","@id":"https:\/\/alitaautomation.com\/english\/solutions\/#primaryimage","url":"https:\/\/alitaautomation.com\/english\/wp-content\/uploads\/2017\/11\/bds.png","contentUrl":"https:\/\/alitaautomation.com\/english\/wp-content\/uploads\/2017\/11\/bds.png","width":740,"height":740},{"@type":"BreadcrumbList","@id":"https:\/\/alitaautomation.com\/english\/solutions\/#breadcrumb","itemListElement":[{"@type":"ListItem","position":1,"name":"Home","item":"https:\/\/alitaautomation.com\/english\/"},{"@type":"ListItem","position":2,"name":"Solutions"}]},{"@type":"WebSite","@id":"https:\/\/alitaautomation.com\/english\/#website","url":"https:\/\/alitaautomation.com\/english\/","name":"Alita Automation","description":"","publisher":{"@id":"https:\/\/alitaautomation.com\/english\/#organization"},"potentialAction":[{"@type":"SearchAction","target":{"@type":"EntryPoint","urlTemplate":"https:\/\/alitaautomation.com\/english\/?s={search_term_string}"},"query-input":{"@type":"PropertyValueSpecification","valueRequired":true,"valueName":"search_term_string"}}],"inLanguage":"en-US"},{"@type":"Organization","@id":"https:\/\/alitaautomation.com\/english\/#organization","name":"Alita Automation","url":"https:\/\/alitaautomation.com\/english\/","logo":{"@type":"ImageObject","inLanguage":"en-US","@id":"https:\/\/alitaautomation.com\/english\/#\/schema\/logo\/image\/","url":"https:\/\/alitaautomation.com\/english\/wp-content\/uploads\/2023\/06\/Logo-e1686882884795.png","contentUrl":"https:\/\/alitaautomation.com\/english\/wp-content\/uploads\/2023\/06\/Logo-e1686882884795.png","width":140,"height":21,"caption":"Alita Automation"},"image":{"@id":"https:\/\/alitaautomation.com\/english\/#\/schema\/logo\/image\/"}}]}},"_links":{"self":[{"href":"https:\/\/alitaautomation.com\/english\/wp-json\/wp\/v2\/pages\/161","targetHints":{"allow":["GET"]}}],"collection":[{"href":"https:\/\/alitaautomation.com\/english\/wp-json\/wp\/v2\/pages"}],"about":[{"href":"https:\/\/alitaautomation.com\/english\/wp-json\/wp\/v2\/types\/page"}],"author":[{"embeddable":true,"href":"https:\/\/alitaautomation.com\/english\/wp-json\/wp\/v2\/users\/1"}],"replies":[{"embeddable":true,"href":"https:\/\/alitaautomation.com\/english\/wp-json\/wp\/v2\/comments?post=161"}],"version-history":[{"count":15,"href":"https:\/\/alitaautomation.com\/english\/wp-json\/wp\/v2\/pages\/161\/revisions"}],"predecessor-version":[{"id":1468,"href":"https:\/\/alitaautomation.com\/english\/wp-json\/wp\/v2\/pages\/161\/revisions\/1468"}],"wp:attachment":[{"href":"https:\/\/alitaautomation.com\/english\/wp-json\/wp\/v2\/media?parent=161"}],"curies":[{"name":"wp","href":"https:\/\/api.w.org\/{rel}","templated":true}]}}